0. Suppose -d = v*d - 140. List the prime factors of d.
2, 5
Suppose 4 = -4*a + 12. Suppose -2 + 10 = a*g. Suppose g*m - 105 = 47. List the prime factors of m.
2, 19
Suppose -4*q + 3*w + 2 = 0, q - 2*w - 2 = -2*q. Let g = 54 + -48. Suppose -q*u = -g*u + 148. List the prime factors of u.
37
Let w(m) = m**3 - 8*m**2 + 24*m + 6. What are the prime factors of w(9)?
3, 101
Suppose 16*n - 7834 = 8614. What are the prime factors of n?
2, 257
Let d = -288 - -1458. List the prime factors of d.
2, 3, 5, 13
Let t = 589 - -97. List the prime factors of t.
2, 7
Suppose 9*g = 4*g. Suppose -5*l = -g*l + 225. Let v = 94 + l. What are the prime factors of v?
7
Suppose -7*f + o + 424 = -3*f, 2*f - o = 214. Suppose 3*c = 10*c - f. What are the prime factors of c?
3, 5
Suppose 0 = -4*n + 1 + 7. Suppose w - 4 = 0, -n*z - w - 3*w + 72 = 0. Let o = z - 10. What are the prime factors of o?
2, 3
Let l(z) = -z**3 + 8*z**2 + 29*z + 38. List the prime factors of l(-7).
2, 3, 5, 19
Let r be 36/(-15)*6*(-200)/18. Let m = 271 - r. What are the prime factors of m?
3, 37
Let t(o) be the third derivative of 7*o**4/12 - 17*o**3/6 - 8*o**2. Let h be t(7). Let s = h + -50. What are the prime factors of s?
31
Suppose -10700 = -17*o - 2897. List the prime factors of o.
3, 17
Let d(r) = r**3 - 14*r**2 + 13*r + 4. Let k be d(13). Suppose -28 = 5*f - i + 32, k*f + 4*i + 72 = 0. List the prime factors of (-2)/f - (-640)/65.
2, 5
List the prime factors of 4/(-20) - ((-56448)/(-20))/(-7).
13, 31
Suppose -4*i - 2*w + 7617 = -3831, -4*i = -5*w - 11420. List the prime factors of i.
2, 5, 11, 13
Let b(p) = -69*p - 3 + 74*p - 8 + 2*p**2. List the prime factors of b(-6).
31
Suppose -26*y + 4509 + 24143 = 0. What are the prime factors of y?
2, 19, 29
Let p(n) = n**2 + 3*n - 1. Let v be p(-3). List the prime factors of 414/15 + ((-2)/5)/v.
2, 7
Let q = -2081 + 3600. What are the prime factors of q?
7, 31
Let o = -8 - -9. Let j = 49 + o. List the prime factors of (j/10)/(1/2).
2, 5
Let n be 2/(-10) - 1624/(-70). Suppose 22 = -l + 3*l. Let s = n + l. What are the prime factors of s?
2, 17
Let m(b) = 2*b**2 + 12*b - 13. Let h = -18 + 9. Let l be m(h). Let u = 64 - l. What are the prime factors of u?
23
Suppose 2*u = -0*u + 12. Suppose -u = n + 4*c - 56, -n + 3*c = -15. Suppose 4*a - a - n = -s, 0 = 5*s + 4*a - 106. List the prime factors of s.
2, 3
Suppose -9*g - 18 = 9. List the prime factors of 167 - (g + 7) - 0.
163
Let g be (45/36)/((6/(-3))/(-16)). Suppose -5*q + g*q - 410 = 0. List the prime factors of q.
2, 41
Let g be 5/70*4 - (-65)/(-7). What are the prime factors of 3/g*(-798)/4*2?
7, 19
Suppose 0 = 4*f - d - 10, -2*f - 3*d - 2 + 0 = 0. Suppose -5*u = f*s - 635, s + 221 - 732 = -4*u. List the prime factors of u.
3, 43
Suppose -25*h = -15*h - 5260. What are the prime factors of h?
2, 263
Suppose 13*q = 845 + 377. List the prime factors of q.
2, 47
Let a(x) be the first derivative of 8*x + 1 - 2*x**3 - 1/4*x**4 - 3/2*x**2. What are the prime factors of a(-6)?
2, 13
Suppose 24 = 3*c - 351. Suppose -380 = -5*m - c. What are the prime factors of m?
3, 17
Suppose 3*k + 274 = 3526. What are the prime factors of k?
2, 271
Suppose 3*g = 4*t - 34, g - 2*t + t + 12 = 0. Let c(x) = x**2 + 13*x + 36. List the prime factors of c(g).
2, 5
Let a(b) = -b**3 - 4*b**2 + 1. Let q be a(-3). List the prime factors of (-17)/q + (-15)/120.
2
Suppose 3*b + 0 = 36. Suppose -108 - b = -3*h. List the prime factors of h.
2, 5
List the prime factors of ((-2049885)/(-675) - (-4)/30) + -6.
7, 433
Suppose -19 = 5*f - 4. Let w be f*(-10)/(-1 - -3). What are the prime factors of 3/2*40/w?
2
Suppose 164 = 14*u - 1824. What are the prime factors of u?
2, 71
Suppose -4*h = -2*v - 64, -h - 2*v = v - 9. Let c = 26 - h. Suppose r + c = 26. List the prime factors of r.
3, 5
Suppose 22*j - 21*j - 32 = -4*m, -m - 5*j = 11. What are the prime factors of m?
3
Let b(r) = -r + 1. Let u be b(-6). Let h(g) = -4*g**2 - 3*g + 2. Let k(z) = 2*z**2 + z - 1. Let l(w) = u*k(w) + 3*h(w). List the prime factors of l(4).
23
Let x be (-3)/(-2) - 39/(-2). Let q = -61 - -61. Let o = x - q. List the prime factors of o.
3, 7
What are the prime factors of (-1308)/(-12) - (-2)/(4/6)?
2, 7
Suppose m = -2*x + 3*m - 106, 3*x + 184 = -2*m. Let g(c) = -47*c - 7. Let k be g(-3). Let d = k + x. What are the prime factors of d?
2, 19
Let q = 1870 + -884. What are the prime factors of q?
2, 17, 29
Let x be 1/(3 + (-670)/225). What are the prime factors of 6/x + 1586/30?
53
Suppose 19 = 5*k - 6. Let n(s) = 3*s + 15 - 7 + s - 11. What are the prime factors of n(k)?
17
Suppose 0 = 4*z - 47 - 89. Let k = -25 + z. List the prime factors of -6*(-6)/k - -31.
5, 7
List the prime factors of (527 - (-1 + -1)) + 0/(-3).
23
Let s(h) = -h**3 - 9*h**2 + 2*h + 210. List the prime factors of s(0).
2, 3, 5, 7
Suppose -15 = 10*i - 465. Let l = 105 - i. What are the prime factors of l?
2, 3, 5
Let m(k) = -k**3 + 14*k**2 - 13*k - 1. Let z be m(10). Let d = z - 146. List the prime factors of d.
3, 41
Let x(a) = -a + 6. Let b be x(-10). Let w be 136/(-7) + b/(-28). What are the prime factors of -30*(-2)/w*-6?
2, 3
Suppose -o + 5*o = 3*d - 1011, -3*o + 4*d - 767 = 0. Let x = o + 357. List the prime factors of x.
2, 3
Let y(t) = 28*t + 26. Let o(p) = p. Let z(r) = -6*o(r) - y(r). List the prime factors of z(-4).
2, 5, 11
Suppose 5*v = -2*l + 3167, 5*v + 1489 = l + 4653. List the prime factors of v.
3, 211
Let k(a) be the first derivative of -a**3/3 + 9*a**2/2 + 9*a - 8. Let u(v) = v**3 - 8*v**2 + 9*v - 5. Let f be u(7). List the prime factors of k(f).
3
Let x = 119 - 74. What are the prime factors of x?
3, 5
Suppose 4*z = -3*c + 145, 4*z - 3*c = -c + 170. What are the prime factors of z - ((-4)/(-8) + (-2)/(-4))?
3, 13
Let r be 2/17 + (-2710)/(-85). Suppose 3*i + i - r = 0. List the prime factors of i.
2
Let d = 31 - 17. Let k = 32 + -22. Let b = d - k. What are the prime factors of b?
2
Suppose -990 + 975 = -k. Let u be (-130)/((-2)/8*2). Suppose -4*g = -4*t - u, -t + k = 4*t. List the prime factors of g.
2, 17
Let y = 3 - -2. Let n(o) = -35*o + 18. Let a be n(-6). Suppose y*s + 4*u - a = 0, 0*s - 5*u = -2*s + 111. List the prime factors of s.
2, 3
Suppose 685 = 22*f - 27*f. Let v = -73 - f. List the prime factors of v.
2
Suppose 74*q - 1107 = 71*q. What are the prime factors of q?
3, 41
Suppose -5*x + 1248 = 3*x. Suppose x = 2*g - 40. List the prime factors of g.
2, 7
List the prime factors of (-30807)/(-49) + 10/35.
17, 37
Suppose 17*c + 17 = 18*c. Let w(f) = -f**2 + 21*f + 22. What are the prime factors of w(c)?
2, 3, 5
Let u = 726 + -465. What are the prime factors of u?
3, 29
What are the prime factors of 24/(-5)*5*49/(-14)?
2, 3, 7
Let l(j) = 5*j**3 - j**2 - j + 1. Let n = 35 - 32. What are the prime factors of l(n)?
2, 31
List the prime factors of (179/2)/(17/102).
3, 179
Let i = 11 - 8. Suppose -p + 32 = 2*z, -i*p = 4*z - 3*z - 121. List the prime factors of p.
2, 3, 7
What are the prime factors of (-2008)/(-1) + 48/(-48)?
3, 223
Let z(w) = -4 - 2*w - 1 + 23*w**2 - 10*w**2 + w**3. Let j be z(-13). Suppose 0 = -4*s + s + j. What are the prime factors of s?
7
What are the prime factors of ((-6)/10)/((-37)/245495)?
3, 1327
Let o = -86 - -715. What are the prime factors of o?
17, 37
Let m(j) = -2*j + 2. Let z be m(-5). Suppose 60 = 11*u + u. Suppose -z = -u*r + 3*r. What are the prime factors of r?
2, 3
Let z(r) = -15*r - 6. Let x(f) = -16*f - 5. Let i(g) = 2*x(g) - 3*z(g). What are the prime factors of i(6)?
2, 43
Let o(v) = 4*v**2 + 18*v + 13. Let r(q) = -q**2 - q - 1. Let l(d) = -o(d) - 6*r(d). What are the prime factors of l(7)?
7
Let u(s) = s**2 - 8*s - 6. Let d be u(7). Let y(c) = 5*c - 8 - 3*c - 3*c + 0*c. What are the prime factors of y(d)?
5
Suppose 0 = -3*n + h - 5*h + 14, -5*n - 3*h + 16 = 0. Let o be (-87)/n*8/(-12). Let m = -18 + o. List the prime factors of m.
11
Suppose 4*j = 3*j + 4. Suppose 0 = 5*r + 3*g + 2*g - 840, -12 = j*g. Suppose r = 5*a - 4*m, 4*a - 191 = 3*m - 55. List the prime factors of a.
31
What are the prime factors of (324/(4 + -10))/(12/(-6))?
3
Let w(d) = -2*d**2 - 16*d. Let q be w(-8). Suppose -364 = -q*j - 4*j. List the prime factors of j.
7, 13
Let c = 58 + -17. Let r = 16 + c. What are the prime factors of r?
3, 19
Suppose -6*x + x + 40 =